{"id":1058,"date":"2022-11-19T14:43:40","date_gmt":"2022-11-19T14:43:40","guid":{"rendered":"https:\/\/prestigeportfolio.cz\/?page_id=1058"},"modified":"2025-06-18T20:04:47","modified_gmt":"2025-06-18T20:04:47","slug":"o-mne","status":"publish","type":"page","link":"https:\/\/prestigeportfolio.cz\/index.php\/o-mne\/","title":{"rendered":""},"content":{"rendered":"\t\t<div data-elementor-type=\"wp-page\" data-elementor-id=\"1058\" class=\"elementor elementor-1058\">\n\t\t\t\t\t\t<section class=\"elementor-section elementor-top-section elementor-element elementor-element-39184a55 elementor-section-boxed elementor-section-height-default elementor-section-height-default\" data-id=\"39184a55\" data-element_type=\"section\" data-e-type=\"section\">\n\t\t\t\t\t\t<div class=\"elementor-container elementor-column-gap-default\">\n\t\t\t\t\t<div class=\"elementor-column elementor-col-100 elementor-top-column elementor-element elementor-element-33f7739a\" data-id=\"33f7739a\" data-element_type=\"column\" data-e-type=\"column\">\n\t\t\t<div class=\"elementor-widget-wrap elementor-element-populated\">\n\t\t\t\t\t\t<div class=\"elementor-element elementor-element-7588b67f elementor-widget elementor-widget-text-editor\" data-id=\"7588b67f\" data-element_type=\"widget\" data-e-type=\"widget\" data-widget_type=\"text-editor.default\">\n\t\t\t\t<div class=\"elementor-widget-container\">\n\t\t\t\t\t\t\t\t\t<h1>O mn\u011b<\/h1><h4><span style=\"color: #47425d; font-size: 16px;\">Jmenuji se\u00a0<\/span><span style=\"color: #47425d; font-size: 16px;\">Robert Van\u011b\u010dek<\/span><span style=\"color: #47425d; font-size: 16px;\">,<\/span><\/h4><p>vybran\u00fdm destil\u00e1t\u016fm a vysok\u00e9 gastronomii se v\u011bnuji v\u00edce jak dvacet \u010dty\u0159i let.<br \/>Sedmn\u00e1ct let jsem \u0159\u00e1dn\u00fdm \u010dlenem asociace sommeli\u00e9r\u016f \u010cesk\u00e9 republiky. Vedl jsem \u0159adu degustac\u00ed na t\u00e9 nejvy\u0161\u0161\u00ed \u00farovni. Zam\u011b\u0159uji se zejm\u00e9na na segment ko\u0148aku a whisky. Pravideln\u011b nav\u0161t\u011bvuji destil\u00e9rie a ty nejlep\u0161\u00ed ko\u0148akov\u00e9 domy, abych sv\u00fdm klient\u016fm mohl nab\u00eddnout jen to nejlep\u0161\u00ed, co je na trhu s alkoholick\u00fdmi n\u00e1poji k dispozici<\/p><p>V\u00edm a moji klienti m\u011b o tom st\u00e1le p\u0159esv\u011bd\u010duj\u00ed, \u017ee ty nejlep\u0161\u00ed zna\u010dky destil\u00e1t\u016f maj\u00ed nejvy\u0161\u0161\u00ed investi\u010dn\u00ed potenci\u00e1l.<\/p><p>Zaj\u00edm\u00e1-li V\u00e1s v\u00edce o nejpresti\u017en\u011bj\u0161\u00edch alkoholick\u00fdch n\u00e1poj\u00edch a mo\u017enostech, jak do t\u00e9to komodity nejv\u00fdhodn\u011bji investovat, zakl\u00e1d\u00e1te sb\u00edrku, nev\u00e1hejte m\u011b kontaktovat na m\u00e9m osobn\u00edm emailu\u00a0<span style=\"color: #ff0000;\"><a style=\"color: #ff0000;\" href=\"mailto:robert.vanecek@prestigeportfolio.cz\" target=\"_blank\" rel=\"noopener\">robert.vanecek@<wbr \/>prestigeportfolio.cz<\/a> <\/span>nebo <span style=\"color: #ff0000;\"><a style=\"color: #ff0000;\" href=\"https:\/\/www.facebook.com\/prestigeportfolio.cz\/\" target=\"_blank\" rel=\"noopener\" data-saferedirecturl=\"https:\/\/www.google.com\/url?q=https:\/\/www.facebook.com\/prestigeportfolio.cz\/&amp;source=gmail&amp;ust=1699645485746000&amp;usg=AOvVaw0U0M7e3MWtmYTyQevhfZ7B\">Facebook<\/a><\/span> a <span style=\"color: #ff0000;\"><a style=\"color: #ff0000;\" href=\"https:\/\/www.linkedin.com\/in\/robert-van%C4%9B%C4%8Dek-01691a91\/\" target=\"_blank\" rel=\"noopener\">LinkedIn<\/a><\/span>.<\/p><p>\u00a0<\/p>\t\t\t\t\t\t\t\t<\/div>\n\t\t\t\t<\/div>\n\t\t\t\t\t<\/div>\n\t\t<\/div>\n\t\t\t\t\t<\/div>\n\t\t<\/section>\n\t\t\t\t<section class=\"elementor-section elementor-top-section elementor-element elementor-element-361a1b6 elementor-section-boxed elementor-section-height-default elementor-section-height-default\" data-id=\"361a1b6\" data-element_type=\"section\" data-e-type=\"section\">\n\t\t\t\t\t\t<div class=\"elementor-container elementor-column-gap-default\">\n\t\t\t\t\t<div class=\"elementor-column elementor-col-100 elementor-top-column elementor-element elementor-element-c8fe94a\" data-id=\"c8fe94a\" data-element_type=\"column\" data-e-type=\"column\">\n\t\t\t<div class=\"elementor-widget-wrap elementor-element-populated\">\n\t\t\t\t\t\t<div class=\"elementor-element elementor-element-0b4217a elementor-widget elementor-widget-image\" data-id=\"0b4217a\" data-element_type=\"widget\" data-e-type=\"widget\" data-widget_type=\"image.default\">\n\t\t\t\t<div class=\"elementor-widget-container\">\n\t\t\t\t\t\t\t\t\t\t\t\t\t\t\t<img fetchpriority=\"high\" decoding=\"async\" width=\"1024\" height=\"707\" src=\"https:\/\/prestigeportfolio.cz\/wp-content\/uploads\/2025\/06\/robert-1024x707.jpg\" class=\"attachment-large size-large wp-image-1520\" alt=\"\" srcset=\"https:\/\/prestigeportfolio.cz\/wp-content\/uploads\/2025\/06\/robert-1024x707.jpg 1024w, https:\/\/prestigeportfolio.cz\/wp-content\/uploads\/2025\/06\/robert-300x207.jpg 300w, https:\/\/prestigeportfolio.cz\/wp-content\/uploads\/2025\/06\/robert-768x530.jpg 768w, https:\/\/prestigeportfolio.cz\/wp-content\/uploads\/2025\/06\/robert-1536x1061.jpg 1536w, https:\/\/prestigeportfolio.cz\/wp-content\/uploads\/2025\/06\/robert-1000x691.jpg 1000w, https:\/\/prestigeportfolio.cz\/wp-content\/uploads\/2025\/06\/robert-230x159.jpg 230w, https:\/\/prestigeportfolio.cz\/wp-content\/uploads\/2025\/06\/robert-350x242.jpg 350w, https:\/\/prestigeportfolio.cz\/wp-content\/uploads\/2025\/06\/robert-480x332.jpg 480w, https:\/\/prestigeportfolio.cz\/wp-content\/uploads\/2025\/06\/robert.jpg 1920w\" sizes=\"(max-width: 1024px) 100vw, 1024px\" \/>\t\t\t\t\t\t\t\t\t\t\t\t\t\t\t<\/div>\n\t\t\t\t<\/div>\n\t\t\t\t\t<\/div>\n\t\t<\/div>\n\t\t\t\t\t<\/div>\n\t\t<\/section>\n\t\t\t\t<\/div>\n\t\t","protected":false},"excerpt":{"rendered":"<p>O mn\u011b Jmenuji se\u00a0Robert Van\u011b\u010dek, vybran\u00fdm destil\u00e1t\u016fm a vysok\u00e9 gastronomii se v\u011bnuji v\u00edce jak dvacet \u010dty\u0159i let.Sedmn\u00e1ct let jsem \u0159\u00e1dn\u00fdm \u010dlenem asociace [&hellip;]<\/p>\n","protected":false},"author":1,"featured_media":0,"parent":0,"menu_order":0,"comment_status":"closed","ping_status":"closed","template":"","meta":{"footnotes":""},"class_list":["post-1058","page","type-page","status-publish","hentry"],"_links":{"self":[{"href":"https:\/\/prestigeportfolio.cz\/index.php\/wp-json\/wp\/v2\/pages\/1058","targetHints":{"allow":["GET"]}}],"collection":[{"href":"https:\/\/prestigeportfolio.cz\/index.php\/wp-json\/wp\/v2\/pages"}],"about":[{"href":"https:\/\/prestigeportfolio.cz\/index.php\/wp-json\/wp\/v2\/types\/page"}],"author":[{"embeddable":true,"href":"https:\/\/prestigeportfolio.cz\/index.php\/wp-json\/wp\/v2\/users\/1"}],"replies":[{"embeddable":true,"href":"https:\/\/prestigeportfolio.cz\/index.php\/wp-json\/wp\/v2\/comments?post=1058"}],"version-history":[{"count":23,"href":"https:\/\/prestigeportfolio.cz\/index.php\/wp-json\/wp\/v2\/pages\/1058\/revisions"}],"predecessor-version":[{"id":1523,"href":"https:\/\/prestigeportfolio.cz\/index.php\/wp-json\/wp\/v2\/pages\/1058\/revisions\/1523"}],"wp:attachment":[{"href":"https:\/\/prestigeportfolio.cz\/index.php\/wp-json\/wp\/v2\/media?parent=1058"}],"curies":[{"name":"wp","href":"https:\/\/api.w.org\/{rel}","templated":true}]}}